t f(z) = -z**2 + 219*z - 6919. Give f(39).
101
Let b(c) = 29*c**2 + 29825*c - 16471. Calculate b(-1029).
-7
Let r(l) = -56*l**2 - 1120*l + 48. Determine r(-20).
48
Let p(g) = g**3 - 18*g**2 + 246*g - 3390. Give p(12).
-1302
Let g(x) = -76*x**2 - 41*x + 21. Calculate g(-2).
-201
Let d(r) = -72*r - 157. Give d(4).
-445
Let s(z) = 8*z**3 + 54*z**2 + 397*z + 11. Give s(-6).
-2155
Let u(r) = -13*r**3 - 182*r**2 - 9*r - 149. What is u(-14)?
-23
Let c(x) = x**3 + 39*x**2 + 278*x + 85. Give c(-25).
1885
Let g(r) = -8066*r - 112871. Determine g(-14).
53
Let b(f) = f**3 - 131*f**2 + 882*f - 1754. Determine b(124).
-18
Let w(z) = 23*z**2 + 100*z - 66. Determine w(-6).
162
Let c(b) = 18834*b - 18860. What is c(1)?
-26
Let a(q) = 4*q**2 + 2067*q + 82586. Give a(-473).
-189
Let y(s) = 1769*s + 950133. Give y(-537).
180
Let c(n) = 12*n**2 - 75*n + 93. Determine c(6).
75
Let q(j) = -j**3 + 15*j**2 - 5*j - 373. Give q(12).
-1
Let b(g) = -2*g**3 + 96*g**2 + 504*g - 10104. Give b(51).
-6
Let t(k) = -k**3 + 9*k**2 - 12*k - 83. Calculate t(5).
-43
Let g(b) = -b**3 + 26*b**2 + 446*b + 1072. What is g(-3)?
-5
Let o(x) = -3*x**2 + 41147*x + 741511. What is o(-18)?
-107
Let v(a) = -12*a**3 - 277*a**2 - 638*a + 262. Calculate v(-3).
7
Let z(j) = 159*j**2 - 17502*j + 1439. What is z(110)?
119
Let a(n) = 46*n + 348. Give a(-9).
-66
Let a(t) = -t**3 + 18*t**2 + 328*t - 829. Determine a(30).
-1789
Let t(z) = 201*z - 53892. Give t(268).
-24
Let b(r) = -2*r**2 + 3170*r - 252197. Determine b(84).
-29
Let z(d) = d**2 + 258*d - 2280. Give z(-270).
960
Let h(d) = 20*d**3 + 14*d**2 + 40*d - 12. Give h(-4).
-1228
Let l(k) = 1086*k - 32775. Calculate l(30).
-195
Let k(q) = 854*q + 18173. Determine k(-21).
239
Let k(q) = 778*q**2 - 58355*q + 381. What is k(75)?
6
Let d(b) = b**3 - 39*b**2 + 240*b - 13. Calculate d(7).
99
Let s(v) = -4341*v + 108537. Give s(25).
12
Let g(b) = 16439*b - 772613. Give g(47).
20
Let y(t) = t**3 + 70*t**2 + 563*t + 294. Give y(-8).
-242
Let h(q) = -q**3 + 729*q**2 - 1478*q + 17434. Give h(727).
-14
Let h(u) = -5*u**2 + 43*u + 264. Determine h(18).
-582
Let o(h) = -14*h**3 + 159*h**2 + 107*h + 9. Calculate o(12).
-3
Let v(d) = 4*d**3 - 80*d**2 + 101*d + 27. Give v(19).
502
Let p(a) = -44737*a - 626315. Calculate p(-14).
3
Let b(a) = -6*a**2 - 52*a + 956. Give b(-14).
508
Let i(x) = 5*x**3 - 51*x**2 - 425*x + 4282. What is i(9)?
-29
Let z(u) = 4*u**3 + 283*u**2 + 2972*u + 239908. What is z(-72)?
4
Let y(a) = a**2 - 43442*a - 72907087. What is y(-1618)?
-7
Let t(h) = -31*h**3 + 28183*h**2 - 3634*h - 1784. What is t(909)?
34
Let l(i) = -i**3 - 171*i**2 + 1903*i + 16812. Determine l(-181).
-21
Let u(x) = -x**3 + 19*x**2 - 900*x + 15874. What is u(18)?
-2
Let k(w) = -72*w + 5737. Determine k(81).
-95
Let j(a) = 3117*a - 498734. Calculate j(160).
-14
Let o(g) = g**2 - 10191*g + 708471. Determine o(70).
1
Let r(a) = 21*a**2 - 69*a - 14. Give r(-6).
1156
Let s(m) = 1020*m**2 - 109*m + 245. What is s(2)?
4107
Let v(u) = -588*u**2 - 3527*u + 9. Determine v(-6).
3
Let a(x) = -2*x**2 - 4744*x - 42529. Give a(-9).
5
Let w(t) = 7*t**2 - 755*t + 2096. Determine w(105).
-4
Let a(l) = -5*l**3 - 6687*l**2 + 4011*l - 3991. Calculate a(-1338).
23
Let h(l) = 46565*l + 139113. Give h(-3).
-582
Let z(a) = a**3 + 44*a**2 + 308*a + 136. Determine z(-8).
-24
Let c(x) = 64*x - 9311. Give c(145).
-31
Let g(q) = 5*q**2 + 12572*q + 384937. Calculate g(-31).
10
Let a(t) = -1160*t + 547523. Determine a(472).
3
Let d(s) = s**2 - 3993*s + 347466. Give d(89).
10
Let m(q) = -5*q**2 + 874*q - 35684. What is m(110)?
-44
Let w(o) = 16*o**2 - 22*o - 245. Give w(-6).
463
Let m(r) = -r**2 + 45*r - 528. What is m(31)?
-94
Let c(h) = 138*h - 3372. Calculate c(25).
78
Let y(u) = u**3 + 6*u**2 + 4895*u + 24468. Give y(-5).
18
Let i(v) = -930*v**2 + 24184*v + 17. What is i(26)?
121
Let z(d) = -140471*d - 421410. What is z(-3)?
3
Let f(p) = 844*p + 108883. Determine f(-129).
7
Let v(z) = -15338*z - 5598360. Give v(-365).
10
Let d(v) = -4*v**3 + 33*v**2 + 3*v - 22. Determine d(8).
66
Let d(r) = 1523*r + 33280. Determine d(-22).
-226
Let f(w) = -w**3 - 174*w**2 + 352*w + 481. Give f(-176).
481
Let f(s) = 54487*s - 3596138. Give f(66).
4
Let i(a) = -6132*a**2 - 27*a + 62. Give i(1).
-6097
Let k(d) = -5055*d - 717623. Give k(-142).
187
Let y(q) = -q**3 - 230*q**2 - 687*q - 1339. Determine y(-227).
23
Let g(q) = -6522*q - 130422. Give g(-20).
18
Let k(r) = -2*r**3 - r**2 + 2347*r + 28266. Calculate k(-12).
3414
Let w(p) = 122*p**2 - 6415*p + 23717. Determine w(4).
9
Let l(o) = -304*o**3 - 226*o**2 + 224*o + 1. Give l(1).
-305
Let z(v) = -2*v**3 + 2651*v**2 - 9242*v - 15864. What is z(1322)?
0
Let v(d) = -d**3 - 38*d**2 + 3129*d + 117120. Calculate v(-37).
-22
Let w(f) = 32977*f + 165074. Give w(-5).
189
Let r(d) = -d**3 + 20322*d**2 - 20319*d. What is r(1)?
2
Let q(v) = v**3 - 23*v**2 + 588*v - 12518. What is q(22)?
-66
Let y(b) = b**3 + 17*b**2 - 22*b - 126. Calculate y(-18).
-54
Let k(f) = 59942*f - 1198866. What is k(20)?
-26
Let d(u) = 858*u**2 - 5160*u + 74. Give d(6).
2
Let i(z) = 3828*z**3 - z**2 - 288*z - 289. Give i(-1).
-3830
Let z(m) = m**2 - 150*m - 18382. Give z(-87).
2237
Let y(r) = -3*r**3 + 2*r**2 + 200*r - 96. Calculate y(15).
-6771
Let h(u) = -2*u**2 - 2980*u - 14860. Give h(-5).
-10
Let i(p) = -p**3 + 20*p**2 + 92*p + 190. What is i(24)?
94
Let v(t) = -3*t**2 + 3665*t - 25512. Give v(7).
-4
Let t(d) = -4685*d - 580952. What is t(-124)?
-12
Let f(t) = -6618*t - 2998094. Calculate f(-453).
-140
Let k(w) = -394*w - 180933. Determine k(-458).
-481
Let m(u) = -u**3 + 20*u**2 - 107*u + 1269. Calculate m(18).
-9
Let g(p) = -9*p**3 + 168*p**2 + 678*p + 33. What is g(22)?
429
Let u(f) = -14*f**2 - 2496*f - 941. Determine u(-178).
-229
Let v(s) = -6*s**3 + 3288*s**2 + 9926*s - 4415. Calculate v(551).
-7
Let j(f) = -f**3 - 16*f**2 - 681*f - 5519. What is j(-9)?
43
Let k(s) = -165*s + 124. Give k(0).
124
Let o(i) = 6*i**3 + 165*i**2 - 2*i - 2170. Calculate o(-27).
71
Let s(y) = 3*y**2 - 1808*y - 12771. Give s(-7).
32
Let p(u) = 4*u**2 + 564*u + 10286. What is p(-19)?
1014
Let q(w) = -4*w**3 - 272*w**2 - 530*w + 23. Calculate q(-66).
155
Let s(c) = 336*c**3 - 49057*c**2 + 262*c - 16943. Determine s(146).
-7
Let c(k) = 3*k**3 - 19*k**2 - 625*k + 3784. What is c(6)?
-2
Let d(h) = 26*h**3 - 16939*h**2 + 58970*h - 1295. Calculate d(648).
1
Let p(o) = -81*o**3 - 647*o**2 - 211*o - 1756. Determine p(-8).
-4
Let x(y) = -y**3 - 46*y**2 + 619*y + 25090. What is x(-48)?
-14
Let u(v) = -51355*v - 2413693. What is u(-47)?
-8
Let b(t) = 13*t**3 - 76*t**2 - 27*t + 190. Determine b(6).
100
Let g(h) = -h**3 - 9*h**2 - 249*h + 1657. Determine g(5).
62
Let h(c) = 15*c**2 - 1692*c - 981. Give h(114).
1071
Let i(u) = -u**3 - 21*u**2 - 338*u - 4618. Determine i(-17).
-28
Let z(j) = -38*j**2 + 86*j + 321. What is z(-4)?
-631
Let b(a) = 7*a**2 + 7306*a + 1564018. Calculate b(-743).
3
Let h(x) = 40*x**2 - 1252*x + 1623. What is h(30)?
63
Let j(g) = -2329*g - 191734. Determine j(-82).
-756
Let r(n) = 1433*n - 37973. Determine r(26).
-715
Let k(i) = 2*i**3 - i**2 - 171*i + 24. Calculate k(5).
-606
Let i(x) = -4*x**3 - 19*x**2 + 1113*x + 5510. Calculate i(-5).
-30
Let p(y) = -28*y**2 + 91*y - 46. Calculate p(3).
-25
Let z(p) = -p**3 + 134*p**2 + 4332*p + 25044. Determine z(-20).
4
Let h(o) = o**2 - 161*o + 2502. Give h(144).
54
Let n(l) = 44423*l - 533067. Give n(12).
9
Let k(g) = 20*g**2 + 975*g + 169. What is k(-48)?
-551
Let y(p) = -213*p + 34630. Give y(158).
976
Let p(b) = -138783*b + 1387838. What is p(10)?
8
Let a(d) = -d**2 - 2122*d + 535759. Determine a(228).
-41
Let p(g) = -11*g**3 + 40*g**2 - 110*g + 112. Give p(1).
31
Let b(y) = -8286*y - 28322. Determine b(-3).
-3464
Let c(k) = -52*k**3 + 133*k**2 - 21*k + 13. Calculate c(3).
-257
Let z(o) = 89*o**2 - 919*o + 54. What is z(10)?
-236
Let w(s) = -11*s**2 - 1389*s - 332. Calculate w(-130).
-5662
Let m(y) = 2*y**2 - 306*y + 10236. Calculate m(48).
156
Let q(x) = -x**2 + 2656*x + 365088. What is q(-131)?
-9
Let j(q) = -q**2 - 2752*q + 258718. Determine j(91).
5
Let a(q) = -q**2 - 52714*q + 685205. What is a(13)?
-246
Let j(i) = 791*i - 2148. Calculate j(4).
1016
Let w(z) = -3*z**2 + 17*z - 569. What is w(17)?
-1147
Let r(t) = t**3 + 73*t**2 + 13*t + 6359. Calculate 